te the highest common factor of y and 261.
29
Let o be (-5)/((-45)/(-2)) + 1032/27. What is the highest common divisor of 304 and o?
38
Let u = -21 - -91. Suppose 12 = 3*c - 6. Let y = 8 + c. What is the greatest common factor of y and u?
14
Let k = 5 - 1. Suppose g = k, 183 = 6*h - h - 3*g. What is the highest common divisor of 26 and h?
13
Let i be (-3 + 5 + -3)*6. Let x be ((-56)/i)/((-6)/(-9)). What is the highest common factor of 14 and x?
14
Let x be 27 - (9/4 + (-27)/(-36)). Calculate the greatest common divisor of 36 and x.
12
Let p(g) = 98*g + 2. Let v be 2*1 - (-1 - 7). Suppose 0 = -2*k - 3*k + v. Let d be p(k). What is the highest common divisor of d and 18?
18
Suppose 3 = -k + 4*k. Suppose 0 = -2*v + 4*v - h + k, -4*h = -4*v + 8. Let r be ((1 + -4)/v)/1. Calculate the greatest common divisor of r and 8.
1
Suppose 0 + 6 = 3*r. Suppose -r*g + 15 = 5*h - 0*g, -2*h + g = 3. Calculate the greatest common factor of h and 2.
1
Let u = -123 - -183. Suppose -5*f - 3*j + 196 = -2*j, -u = -2*f - 5*j. Calculate the greatest common divisor of f and 10.
10
Suppose 5*c - 4*x - 64 = 3*c, -2*c + 59 = -3*x. Suppose 3 = 5*s - c. Let p(w) = 3*w + 40. Let j be p(0). What is the greatest common factor of s and j?
5
Let j(g) be the first derivative of 5*g**2 - 8*g + 2. Let f be j(6). Let x = f + -19. What is the greatest common factor of 22 and x?
11
Suppose -6 + 22 = -4*b. Let w be b/(-10) - (-102)/(-5). Let s = -10 - w. Calculate the greatest common factor of s and 40.
10
Let b(r) = -63*r + 3. Let g be b(-1). Let c(k) = -k**2 - k + 5. Let d be c(0). Let n = d - -1. Calculate the highest common factor of g and n.
6
Let o(r) = r**2 - r - 1. Let b(s) = -6*s**2 + 2. Let i(m) = -b(m) - 4*o(m). Let u be i(-3). Calculate the greatest common divisor of u and 56.
8
Suppose 3*v - 4 = -v. Let g(w) = w. Let b be g(v). Calculate the highest common factor of b and 2.
1
Let v(o) = o**2 - 16*o + 17. Let w(j) = -2*j**2 + 31*j - 35. Let n(l) = 7*v(l) + 4*w(l). Let h be n(9). Calculate the greatest common factor of 9 and h.
3
Let i be (-328)/(-24) + (-2)/3. Calculate the highest common factor of 104 and i.
13
Let j(m) = -m - 4. Let q be j(-5). Let y be 4/4 + 14*q. Let r(t) = -t**2 + 4*t + 3. Let w be r(3). Calculate the highest common divisor of y and w.
3
Let y(s) = -4*s - 6. Let j be y(-9). Let h = -5 + 11. Calculate the greatest common factor of j and h.
6
Suppose -3*n = 4*k - 83, -5*k - 2*n = 1 - 96. Calculate the highest common divisor of 51 and k.
17
Suppose 0 = -0*v + v + 8. Let k = v + 3. Let c = k - -12. Calculate the greatest common factor of c and 7.
7
Let u = 12 - 6. What is the greatest common divisor of 54 and u?
6
Let q be 2/(-8) + 449/4. Suppose -4*b - 3*u + 92 = 0, -6*b + b + q = 3*u. Let h be (-15)/(0 - 6/20). Calculate the greatest common factor of b and h.
10
Suppose -2*h + 10 = 3*h. Let k = 230 - 63. Suppose 0 = h*s - k - 127. What is the highest common factor of 21 and s?
21
Let q(t) = -t**3 + 11*t**2 - 2*t - 12. Let j be q(9). Calculate the highest common divisor of 12 and j.
12
Let u = -1 - -10. Let y = -14 - -17. Let r be u + (-3)/(2 - y). What is the greatest common factor of 12 and r?
12
Let k be 54*3*2/9. What is the greatest common factor of 9 and k?
9
Let g(x) = -2*x**3 - x**2 - 3*x - 4. Let c be g(-4). What is the highest common factor of 12 and c?
12
Let t be 103 - (6 + -3 + 1). Calculate the highest common factor of 11 and t.
11
Let r(s) = s**2 - 4*s - 2. Let t be r(5). Let l = -8 + 14. Calculate the greatest common divisor of t and l.
3
Let q(m) = m**3 + 8*m**2 - 2*m + 2. Let o be q(-8). Calculate the greatest common factor of o and 198.
18
Let k be (-2)/(-5)*(13 - -2). Let q be (1/(-1) + 1)/1. Let t(r) = r**2 - r + 30. Let w be t(q). Calculate the greatest common divisor of w and k.
6
Let u be ((-14)/(-6))/(5/15). Let z = u - -15. Calculate the highest common divisor of 2 and z.
2
Suppose d + 3 = n + 9, 3*d + 5*n - 2 = 0. Suppose 650 = -s + 6*s - 4*a, 5*a = -d*s + 479. Suppose 89 - 35 = 3*r. What is the greatest common divisor of s and r?
18
Let x(i) be the second derivative of -i**3 + 4*i**2 + 6*i. Let a be x(-5). Calculate the greatest common divisor of 95 and a.
19
Suppose 0 = -x + 16 + 24. What is the greatest common divisor of 8 and x?
8
Suppose -5*o - 62 = -722. Calculate the greatest common divisor of 12 and o.
12
Let f be -3 + 3 + 16 - -2. Let u = f + -3. Calculate the greatest common factor of u and 45.
15
Suppose -53 = 4*r + 19. Let m(b) = b**2 + 4*b - 1. Let l be m(-4). Let d = l - r. Calculate the greatest common factor of 17 and d.
17
Let j = 478 + -280. Suppose 25 = 2*a - 19. What is the greatest common factor of j and a?
22
Suppose -7*f = -2*f - 380. Suppose -f = -4*c + 120. Calculate the greatest common factor of 7 and c.
7
Let g(q) = q**2 + 6*q - 4. Let p be g(-6). Let d(f) = -17*f**3 - 2*f**2 - f. Let y be d(-1). Let m = y + p. What is the greatest common factor of m and 3?
3
Let m = -2 + 2. Suppose h = 4*c + 10, c - 2*c + 5 = m. What is the greatest common divisor of 3 and h?
3
Suppose -7*n = -4*n - 15. Suppose -m = -n*o + 43, -3*o + 25 = -2*m + m. Calculate the greatest common factor of 18 and o.
9
Let f be -2 + (-10)/(-5) + 10. Calculate the highest common divisor of f and 80.
10
Let o(s) = 2*s**2 + 11*s + 74. Let c be o(-6). Suppose -5*f + 13 = 3*b - 12, -4*b - f = -39. What is the highest common factor of b and c?
10
Let c = -1 + 10. Let v = c - 5. Suppose 11 = 3*y - 19. What is the greatest common divisor of v and y?
2
Let s(x) = x + 11. Let v be s(-5). Let y be 3*18/(-5)*-5. What is the highest common divisor of v and y?
6
Let k(t) = -11*t - 10. Let a be k(-5). Let o = 3 - 24. Let h = a + o. Calculate the highest common factor of h and 12.
12
Suppose 4*z + 40 = 96. Let u = -628 + 907. Suppose 0 = w + 3*a - 109, -2*w - 56 = a - u. Calculate the highest common divisor of z and w.
14
Let z(n) = 16*n**2 + 2*n + 2. Let b be z(-1). Suppose -3*d = -5*d + b. What is the highest common factor of d and 32?
8
Let a(v) = -12*v - 3. Let q be a(-6). Let d = q - 25. Calculate the greatest common factor of d and 11.
11
Let f(t) = t**2 - 1. Let i be f(-2). Suppose -2*b + g = -6 - 5, -5*g + 1 = -i*b. What is the greatest common factor of 72 and b?
8
Let s(i) = i**2 - i. Let f(u) = -u + 9. Let a(q) = -f(q) + s(q). Let c be a(10). Calculate the greatest common divisor of 13 and c.
13
Let u be 98/6 + (-40)/(-24) + -2. What is the greatest common divisor of u and 24?
8
Suppose -4 = 2*v - 3*f, 3*v - 5*f + 3 + 5 = 0. What is the greatest common factor of v and 12?
4
Suppose 3*z + 84 = 420. What is the highest common divisor of 16 and z?
16
Suppose 3*k + 2*k - 990 = 0. Suppose -2*y + 5*y = 2*l + 193, -3*l = 3*y - k. Let h = -1 + 14. What is the highest common factor of h and y?
13
Let z = -45 - -83. What is the highest common factor of 57 and z?
19
Suppose 0 = f - 5*y - 7, 0 = 3*y - 0*y - 3. Let v = 20 - f. Suppose -17 = -3*i + 31. What is the highest common divisor of i and v?
8
Let v(b) = -3*b - 1. Let k be v(1). Let x be (5 + -15)/(2/k). Suppose 0*t - x = -t. What is the highest common divisor of t and 30?
10
Suppose 34 - 346 = -2*o. Suppose -3*t = -d - 81, -2*d - 37 = -2*t + 21. What is the highest common divisor of t and o?
26
Let o be (-6)/4 + (-2 - (-46)/4). Calculate the highest common divisor of o and 8.
8
Let r be (-82)/(-3)*(-30)/(-20). Calculate the greatest common divisor of 41 and r.
41
Let o(h) = -h**3 - 5*h**2 + 7*h + 9. Let v be o(-6). Suppose -19 = -v*x - 1. Calculate the highest common factor of 24 and x.
6
Let k = 31 - 18. Let j = k + -4. What is the highest common factor of 18 and j?
9
Let h be 8*(-1)/(-2) + -8 - -31. Calculate the greatest common divisor of h and 9.
9
Suppose 3*q - 7 = -h - 6, -2*q + 3*h = -19. Let f(u) = u**3 - 1 + 1 + 2 + u - q*u**3. Let w be f(-3). What is the greatest common factor of 39 and w?
13
Suppose 39 = -3*l + 282. Calculate the greatest common divisor of l and 27.
27
Let m(s) = -5*s - 2 + 0*s - 3. Let t be m(-4). Suppose -3*k - f = f - 133, k = -3*f + 42. What is the greatest common factor of k and t?
15
Suppose 3*i = 4*i - 5. Suppose -18 - 12 = i*c. Let j be 9/c*(-26)/3. What is the highest common divisor of 13 and j?
13
Let x = 7 + -5. Suppose 4*j + 19 = x*o - j, 5*o - 7 = -j. Le